 3 + 1 + 9 - 4. What are the prime factors of p(0)?
3
Let i(z) be the first derivative of z**2 + 4*z - 3. What are the prime factors of i(5)?
2, 7
Let r(d) = -d**2 - 6*d - 4. Let n be r(-3). Suppose -4*a = 3*a + 42. Let c = n - a. What are the prime factors of c?
11
Suppose 1980 = -4*s + 16*s. What are the prime factors of s?
3, 5, 11
What are the prime factors of 168/3 - (-2 - -4)?
2, 3
Suppose 3*x - 8 + 50 = 0. Let z = -10 - x. What are the prime factors of z?
2
Suppose 0 = 2*m - 6, 0 = f - m - 3*m - 281. What are the prime factors of f?
293
What are the prime factors of (-6)/(-2 + 36/21)?
3, 7
Suppose 2*m = -w + 50, -4*w + 9*w = 2*m + 286. What are the prime factors of w?
2, 7
Suppose -180 = -14*w + 2*w. List the prime factors of w.
3, 5
Let r be 2 - (-2 + 2 + -3). What are the prime factors of r + 3 + -1*2?
2, 3
Let j(l) = -11*l + 4. Let b be j(-4). Suppose -f + 3*f = b. What are the prime factors of f?
2, 3
Let j(u) = -u**3 - 2*u**2 + 3*u - 6. Let q be j(-5). Let t be (-4)/6*q/(-4). Suppose 5*r - 4*s = -9*s + 30, t = 3*s. List the prime factors of r.
3
Suppose 0 = 3*s - 30 - 75. List the prime factors of s.
5, 7
Let l(p) = p**3 + 12*p**2 - 17*p - 8. List the prime factors of l(-13).
2, 11
Suppose -12*g + 10*g = -150. List the prime factors of g.
3, 5
Suppose 23 = 4*v - 5*l, 7 = -4*v + 3*v - 3*l. Suppose 0*z = v*z - 3*s + 1, 0 = -4*z + 3*s + 7. List the prime factors of z.
2
Let y = 4 - 0. Let a = 13 + -10. Suppose -y*p = a*i - 53 + 21, 32 = 4*p + i. What are the prime factors of p?
2
Suppose -3*z + 118 = 19. What are the prime factors of z?
3, 11
Let f(u) = -9*u + 1. Let w be f(-1). Suppose 5*n = -w + 60. List the prime factors of n.
2, 5
Let b = 169 + -62. List the prime factors of b.
107
Let y(f) = f**2 - f. Let j be y(0). Suppose j*v - 4*v + 40 = 0. What are the prime factors of v?
2, 5
Let t = 49 - -100. What are the prime factors of t?
149
Suppose -15 - 9 = -4*s + 4*w, 12 = 3*s - 5*w. Let k be 3 - (-9)/((-12)/4). Suppose 3*f - 36 + s = k. List the prime factors of f.
3
Suppose l + 2 = 2*l. Suppose 0 = -l*c + 5*t + 33, -c = -0*t + 3*t - 33. What are the prime factors of c?
2, 3
Let t(m) = 3 - 1 + 0*m - 4 - m. Suppose 2*w = 4*w + v + 14, 4*v = -5*w - 41. List the prime factors of t(w).
3
Let q(v) = 3*v**2 + 3*v**2 - 4*v**2 + 5*v + 7 - v**2. Let y be q(-5). Suppose y*o = 4*o + 57. List the prime factors of o.
19
Suppose 3*j = 9, 0 = 2*k + 3*j - 0*j - 231. What are the prime factors of k?
3, 37
Let m = -6 + 8. Let r = -1 - -5. Suppose -5 = -f, m*z - r*f + 7*f = 39. What are the prime factors of z?
2, 3
Let m be (-2)/(2 - (-276)/(-135)). Suppose -8 = -k - 3. Suppose m = 3*n + l + 15, 46 = k*n + 3*l. List the prime factors of n.
11
Suppose 0 = 2*u - 3*m + 17, 3*u - 4*m + 6 = 2*u. What are the prime factors of (-8)/(-10) + (-52)/u?
2, 3
Let h = 14 + -12. Suppose -m = 4*m + 5*r - 160, -4*m + h*r + 134 = 0. List the prime factors of m.
3, 11
Let x(f) = f**2 + 4*f - 15. What are the prime factors of x(-8)?
17
Let m = -161 + 228. What are the prime factors of m?
67
Suppose -l - 4*l = 60. Let u = -4 - -7. List the prime factors of l/(-9) + 2/u.
2
Let b = -5 + 4. What are the prime factors of 1/b*(-9)/1?
3
Let q(w) = 13*w**2 + w + 1. Let p be 3/(-4) + 3/(-12). List the prime factors of q(p).
13
Suppose 0 = 4*z + 5*o - 457, -o - 3*o = -2*z + 196. Suppose w - 4*w + z = 0. What are the prime factors of w?
2, 3
List the prime factors of (-4)/3*45/(-6).
2, 5
Let t = -21 + -3. Let q = t - -61. What are the prime factors of q?
37
Suppose 190 = -5*w + 925. List the prime factors of w.
3, 7
Let t(c) = -c**2 + 1. Let o(x) = -2*x**3 - x**2 - 3*x + 6. Let p(k) = -o(k) + 5*t(k). Let i(s) = s**2 + 6*s + 2. Let z be i(-6). List the prime factors of p(z).
5
Let k(p) = -2*p + 6. Let x be k(18). Suppose 3*s + 2*u + 74 = -s, 1 = -u. Let f = s - x. What are the prime factors of f?
2, 3
Let g(w) = w**2 + 2*w + 3. Let i be g(-2). Suppose -p - c = -13, -5*p = i*c - 8 - 47. Let n = 15 - p. List the prime factors of n.
7
Let y = -16 + 45. List the prime factors of y.
29
Suppose -o + 6*o = 25. Suppose o*f + 2*l = 33, 2*f = 3*l - 2*l + 15. List the prime factors of f.
7
List the prime factors of (-2 + 0)/(10/(-545)).
109
Suppose 0 = t - 2. Suppose -t*r - 4 = -4*r. What are the prime factors of r?
2
Let n = -110 - -172. What are the prime factors of n?
2, 31
Let c(v) = -4*v + 0*v**3 + 5*v**2 - v**3 - 2*v + 1 + 2*v. Let l be c(3). Let x(r) = 2*r - 4. What are the prime factors of x(l)?
2, 5
Let c(i) = i**2 - i - 10. Let u be c(-7). Suppose -4*a + 76 = 2*r, 2*r = -2*a - 3*r + u. List the prime factors of a.
2, 3
Suppose 4*m - 3*m = 124. List the prime factors of m.
2, 31
Let b = -22 - -69. List the prime factors of b.
47
Let v be 1/((-30)/(-14) - 2). Suppose n = -0*n + v. What are the prime factors of n?
7
Suppose 27 + 0 = 3*q. List the prime factors of q.
3
Let g = -12 - -23. Let s = -1 - 2. Let n = s + g. What are the prime factors of n?
2
Suppose -8 = 3*o + 7. Let p(a) = -4*a. Let d be p(-4). Let b = d + o. List the prime factors of b.
11
Let u be 0/((-3)/(-9)*3). Suppose 5*h = 5*p, u*p - 3*p = -5*h + 8. Suppose h*d - 16 = 4. What are the prime factors of d?
5
Let z(i) = 4*i - 1. Let t be z(4). Suppose 0 = -0*m + 5*m - t. What are the prime factors of m?
3
Let p = 10 + -2. Suppose -28 = 4*u + p. What are the prime factors of (-176)/(-18) + (-2)/u?
2, 5
Let l be (-150)/40 - 1/4. List the prime factors of 5*(-2)/l*2.
5
Suppose a + 3*y = 182, -a = 4*a - 3*y - 874. List the prime factors of a.
2, 11
Let j = 10 + -5. Suppose 5*a - 50 - j = 0. What are the prime factors of a?
11
Let v be (-9*1)/(6/8). What are the prime factors of 16*-3*2/v?
2
Let a(u) = u**3 + 12*u**2 + 12*u + 1. List the prime factors of a(-10).
3
Let y = 16 - 9. Suppose 5*b - y = 13. List the prime factors of 8*1*2/b.
2
List the prime factors of (62/(-10))/(2/(-10)).
31
Let m(x) = -2*x + 5. List the prime factors of m(-5).
3, 5
Suppose -4*r = -1 - 31. List the prime factors of r.
2
Let t = -14 + 14. Suppose -4*u - b = -24, 2*b + 1 = -u - t*b. List the prime factors of u.
7
Let l = 76 - 19. Let w = -18 + l. List the prime factors of w.
3, 13
Let o(f) = 5*f**3 - 10*f**2 + 11*f - 6. Let x(s) = s**3 - s**2 + s. Suppose 0 = 5*r - 47 + 17. Let p(c) = r*x(c) - o(c). What are the prime factors of p(-5)?
2, 3
Let c(v) = 4*v**2 - 7*v + 3. List the prime factors of c(7).
2, 3, 5
Let b = 54 - -16. Suppose -b = -3*z + 23. What are the prime factors of z?
31
Let k(l) = 5*l**2 - 2*l - 2. List the prime factors of k(3).
37
Let g be (-25)/10*2*1. Let k(z) = -3*z. What are the prime factors of k(g)?
3, 5
Let p(h) = -4 - 2 + h + 4 + 3*h**2 - 4*h**2 - 3*h**3. List the prime factors of p(-2).
2
Suppose 10 = -4*x + 6*x. Suppose 1 = -2*m - x, 5*m = -4*v + 9. Suppose -3*a - 2*u + 7 = 0, -19 = -5*a - 3*u - v. List the prime factors of a.
5
Suppose -1 = -z + 20. List the prime factors of z.
3, 7
Suppose 0*w - 4*w + 100 = 0. What are the prime factors of w?
5
Suppose -3*s + 96 = -0*s. Suppose a = -2*a + 9, 2*b + 4*a - s = 0. What are the prime factors of b?
2, 5
Let t be 6/8 + (-65)/(-20). Suppose -t = -h + 3*v, -3*v + 8*v = h + 2. List the prime factors of h.
13
Suppose -5*g = -4*g - 14. What are the prime factors of g?
2, 7
Let l(o) = -o**2 + 19*o - 24. What are the prime factors of l(10)?
2, 3, 11
Let r = -9 - -35. Suppose -4*t = 5*c - 58, -4*t + 5*c - r = -104. List the prime factors of t.
17
Suppose 4*l + 2*l = 2448. List the prime factors of l.
2, 3, 17
Suppose -4*q - 3*c + 10 = -2, -q + 3*c + 3 = 0. Let u = 2 - q. Let v(d) = 6*d**2. List the prime factors of v(u).
2, 3
Suppose 5*h - 308 = 422. What are the prime factors of h?
2, 73
Let g(d) be the second derivative of -d**5/20 - d**4/2 - 3*d**3/2 - 5*d**2/2 + 3*d. List the prime factors of g(-6).
7
Suppose -64 = -2*d - 0*y - 2*y, -5*y - 120 = -3*d. List the prime factors of d.
5, 7
Suppose -12 = 3*h, 2*n + 3*n - 134 = -4*h. Suppose 2*w - 58 = 4*i, -w - 7 = -5*i - n. Suppose 4*l - 35 = w. What are the prime factors of l?
17
Let r be -501 + (4 - 3)*1. List the prime factors of r/(-12) + (-2)/(-6).
2, 3, 7
Let z(f) = -f**2 - f + 7. Let h be z(0). Let q = h + 3. Suppose 5*v = 6*v - q. List the prime factors of v.
2, 5
Suppose -113*x + 13 = -112*x. What are the prime factors of 